-1081. What is the greatest common divisor of h and 114?
38
Suppose 0 = -3*r - 28*c + 25*c + 7701, -r + 2552 = -2*c. What is the highest common factor of 84 and r?
42
Suppose 0*w = -w + 1. Let q = 152 + -144. Let p be (11 - 0)/(-3 + q + -4). What is the greatest common factor of w and p?
1
Let j(w) be the second derivative of -w**4/12 + w**3/3 + 35*w**2/2 + 8*w. Let m be j(0). What is the greatest common divisor of m and 7?
7
Suppose 0 = -65*b + 39*b + 442. Calculate the greatest common divisor of 1 and b.
1
Suppose 7*p + 5*m - 320 = 2*p, -4*p = -m - 271. Let z = p - 12. Calculate the greatest common divisor of 5 and z.
5
Let m(q) = q**3 - q**2 + q + 1. Let l(n) = 9*n + 3. Let b(d) = -l(d) + m(d). Let f be b(4). What is the greatest common factor of 14 and f?
14
Let c(q) = -58*q**2 + 8*q - 10. Let l be c(4). Let a be l/(-15) - (-12)/(-30). Calculate the greatest common divisor of 24 and a.
12
Let m = 46 - 46. Suppose 2*n = d - 22, -n = -5*d - m*n + 146. Suppose -c = -10 - 5. Calculate the greatest common divisor of d and c.
15
Suppose j + 2 - 7 = 0. Suppose -4*d + j*x + 21 = 0, 3*d - 2*x = -d + 18. Let g be ((-4)/(-10))/(1/20). Calculate the greatest common factor of d and g.
4
Let d(i) = 3*i**2 + i - 1. Let v be d(3). Let n = -14 + v. Let s = 23 - n. Calculate the highest common factor of 2 and s.
2
Let x be ((-24)/3 + 12)/(2/30). What is the greatest common divisor of 120 and x?
60
Let t(j) = -j**2 + 9*j + 14. Let y be t(10). What is the highest common divisor of y and 44?
4
Let j(c) = -12*c**3 + 4*c**2 + c - 5. Let o be j(-2). Let f(x) = 10*x + 1. Let p be f(2). Calculate the greatest common divisor of o and p.
21
Let x be 14/(-35) - (-561)/15. What is the greatest common factor of 1 and x?
1
Let c = -5 - -10. Suppose 5*g - 26 - 42 = -2*l, -c*l - 5 = 0. Calculate the highest common factor of g and 112.
14
Let p be 35/21*-3 + -1 + 132. Calculate the highest common divisor of 54 and p.
18
Let v be 1/(-7) + 8/56. Suppose v = a - 16 - 18. Calculate the highest common divisor of 374 and a.
34
Let s = 182 - -71. Let u = -26 - -18. Let l be (23/4)/((-2)/u). What is the highest common factor of l and s?
23
Let a be (31/(-4))/(3/(-72)). Let y = a + -105. Calculate the highest common divisor of y and 9.
9
Let s(t) = -5 - 8 + 11 + 1 + t**2. Let u be s(2). Suppose u*k - 21 = 9. Calculate the greatest common divisor of 80 and k.
10
Suppose 2 + 16 = 3*l. Suppose -l*x = x + 84. Let v be 5*-1*x/15. Calculate the highest common factor of v and 2.
2
Suppose 3*y - 61 = 128. Suppose -4*i - 3*r = -49, 5*r = 3*i + 2*r - y. What is the greatest common factor of i and 32?
16
Suppose -4*u = -3*b + 7*b - 1044, b = 2*u + 270. Suppose 12*h + 41 = 14*h - 7. What is the highest common divisor of b and h?
24
Let n = -17 + 134. Calculate the greatest common factor of 52 and n.
13
Let w be (-290)/(-50) - (-2)/10. Let i be (10/w)/(1/3). Suppose 561 = i*t - 204. Calculate the greatest common factor of 17 and t.
17
Let k be (-64)/(-112) + (-101)/(-7). Calculate the highest common divisor of 6 and k.
3
Let h be 2/(-4) - 189/(-14). Suppose 37*n - 44*n = -7. Calculate the greatest common divisor of n and h.
1
Let p be (2/(-3))/((-2)/15). Let d = p + 1. Let q be (2 - d/2) + 65. Calculate the greatest common divisor of q and 8.
8
Let d = -324 + 329. Let r be 28/7 - (-2)/(-2). Suppose -u - 1 = -r*o - 0, 10 = 5*o. What is the greatest common factor of d and u?
5
Suppose 0 = 6*h - 42 - 342. Let t(f) = f + 10. Let m be t(-8). Let k(i) = 8*i. Let o be k(m). Calculate the greatest common factor of o and h.
16
Suppose -51*i + 43 = -50*i. Let d = i - 36. What is the greatest common factor of d and 14?
7
Let r be (5 - 1) + (-15)/(-15). Suppose -r*t + 39 = 2*f + f, 4*t = 0. Calculate the highest common factor of f and 91.
13
Let t(a) = -5*a**2 - 60*a - 1. Let j(p) = 3*p**2 + 40*p + 1. Let f(b) = 8*j(b) + 5*t(b). Let h be f(19). What is the greatest common factor of 242 and h?
22
Suppose 236 = 27*s - 34. What is the highest common factor of 830 and s?
10
Suppose 4*g = 41 + 3. Suppose 2*s + g = 67. Calculate the greatest common factor of 14 and s.
14
Suppose -4*v - 10 - 2 = 0. Let w be (-32)/v*3/2. What is the highest common divisor of w and 112?
16
Let c be 2/6 - (-269)/3. Let d = -3 - -6. Let i be (-162)/(-3)*2/d. Calculate the greatest common divisor of i and c.
18
Let c = 73 + -31. Let g = c + -2. Calculate the highest common factor of 160 and g.
40
Let n = 148 - 135. Suppose 0 = 4*d - 29 - 387. What is the greatest common factor of d and n?
13
Let l = 9 - 3. Suppose -l*z + 3*z = -216. Suppose 3*u + 4*a = 76, -6*u + 3*a + 117 = -u. Calculate the highest common factor of u and z.
24
Let b be (108/15 + 0)/((-8)/(-100)). Let o = b + -53. Let a be 1/2*2 - -36. What is the highest common divisor of a and o?
37
Let t = 82 + -80. Let o be ((-1)/t)/(1*9/(-288)). Calculate the highest common divisor of 2 and o.
2
Suppose 3*j + 12 = 0, -7*h - 2*j + 424 = -3*h. Calculate the greatest common factor of 27 and h.
27
Suppose 10*f - 3*f = -f. Let d be (f - 33/(-9))*(5 + -2). What is the greatest common factor of d and 11?
11
Let x = 538 - 169. What is the highest common divisor of 205 and x?
41
Let t be 40/(-75)*-10*(-30)/(-4). Calculate the greatest common factor of 100 and t.
20
Let b be ((-24)/9)/(2/(-135)). Let p = 56 - 44. Calculate the highest common divisor of p and b.
12
Let g be 4/(((-120)/32)/(-15)). What is the highest common factor of 776 and g?
8
Let n be (-6)/(-21) - 4296/42. Let g = -95 - n. What is the highest common divisor of g and 147?
7
Let a = -183 - -440. Suppose 0 = -3*r - 3*b + 2*b + a, 3*r - 3*b - 237 = 0. Let c = r - -46. Calculate the greatest common factor of 26 and c.
26
Suppose 4 = -2*x + 28. Suppose 0 = 43*f - 5927 + 1283. Calculate the greatest common factor of x and f.
12
Suppose l - 45 = 21*r - 17*r, -70 = -2*l + 3*r. Calculate the highest common divisor of l and 928.
29
Let w(r) = -r**3 + 7*r**2 + 5*r + 2. Let a be w(4). Calculate the greatest common divisor of a and 350.
70
Let i be 48/(-6) + 5 - -12. What is the highest common divisor of i and 72?
9
Let l be ((-138)/207)/((-1)/462). Calculate the highest common factor of 224 and l.
28
Let d be 3488/1 - ((-255)/17 - -23). What is the highest common divisor of d and 12?
12
Suppose -24*z + 360 = -21*z. Suppose 0 = -5*i + 2*i + z. What is the greatest common factor of i and 140?
20
Let r = 61 - 38. Let a = 123 - r. Suppose 2*p + 3*p = a. What is the greatest common divisor of p and 8?
4
Let o(h) = 7*h - 5. Let u be o(3). Let v be u/28 - 104/(-14). Suppose x + 3*x = 352. What is the highest common factor of x and v?
8
Let y = -8 + 24. Suppose -2*k = 2*k + 3*i + 289, -5*i = -k - 78. Let q = k + 81. Calculate the greatest common divisor of q and y.
8
Suppose -9 = 4*t - 145. What is the highest common factor of 2 and t?
2
Let q(y) be the first derivative of -y**4/4 + 4*y**3/3 + 5*y**2/2 - 5*y + 6. Let j = -7 - -11. Let f be q(j). What is the highest common factor of 120 and f?
15
Suppose 81 = 15*l + 6. Suppose l*t = -2*t + 1890. Calculate the highest common divisor of 108 and t.
54
Suppose 160 = 70*c - 60*c. Calculate the highest common divisor of 36 and c.
4
Let j be 394/30 + 3 - (-4)/(-30). Calculate the greatest common divisor of j and 14.
2
Let f be (-3 - (-3)/2) + (-78)/(-12). Suppose 7 = -5*y + 27. Suppose -3*l = -5*r + 34, -2*r - l = y*l + 5. What is the greatest common divisor of r and f?
5
Let d be 72/(-14)*(1 + -8). Let s(q) = -q - 3. Let p be s(-7). Suppose p*c = 2*c + 48. What is the highest common divisor of d and c?
12
Suppose 5*q - 5*r = 0, 5*q = 4*r - 5*r + 18. Let u = 13 - q. Suppose 0 = -9*c + 11*c - 80. What is the greatest common factor of c and u?
10
Suppose -9*g = -10*g + 2*h + 23, -h = -3*g + 74. Let d(r) = -13*r - 1. Let t be d(-2). What is the highest common factor of g and t?
25
Suppose 0*v + 2*v - 123 = -5*x, -5*v + 317 = 3*x. Let i = -35 + v. Calculate the greatest common factor of 232 and i.
29
Let u = 109 - 77. Let f be (6*-1 - 1) + 1. Let c be (-15)/f*32 + 0. Calculate the greatest common factor of u and c.
16
Let w(h) = -h**3 - 9*h**2 - 7*h - 2. Let u be w(-8). Let z be 1/(6/(-27) - u/36). What is the highest common divisor of z and 6?
6
Let n = 275 + -183. Calculate the greatest common fa